{"id":2058,"date":"2016-11-10T09:42:44","date_gmt":"2016-11-10T11:42:44","guid":{"rendered":"http:\/\/criatusdesign.com.br\/?page_id=2058"},"modified":"2018-05-25T15:59:56","modified_gmt":"2018-05-25T18:59:56","slug":"fechamento-arquivos","status":"publish","type":"page","link":"https:\/\/criatusdesign.com.br\/?page_id=2058","title":{"rendered":"Fechamento de arquivos"},"content":{"rendered":"<section class=\"wpb-content-wrapper\"><p>[vc_row bg_source=&#8221;parallax&#8221; parallax_image=&#8221;1924&#8243; text_color=&#8221;bg-dark&#8221; overlay=&#8221;bg-dark-30&#8243; css=&#8221;.vc_custom_1478617727848{padding-top: 200px !important;padding-bottom: 200px !important;}&#8221;][vc_column]\n\t\t\t<!-- HERO TEXT -->\n\t\t\t<div class=\"hero-caption\">\n\t\t\t\t<div class=\"hero-text\"><h3 class=\"mh-line-size-3 font-alt m-b-20\">Cursos<\/h3>\t\n\t\t\t\t<\/div>\n\t\t\t<\/div>\n\t\t\t<!-- \/HERO TEXT -->[\/vc_column][\/vc_row][vc_row container=&#8221;1&#8243; css=&#8221;.vc_custom_1478704003570{padding-top: 100px !important;padding-bottom: 0px !important;}&#8221;][vc_column css=&#8221;.vc_custom_1478618196342{padding-right: 300px !important;padding-bottom: 70px !important;padding-left: 300px !important;}&#8221;]<!-- MODULE HEADING --><h2 class=\"module-title font-alt\">Fechamento de arquivos<\/h2><div class=\"module-subtitle font-serif\">Aprenda a fechar arquivos e prepar\u00e1-los para impress\u00e3o na gr\u00e1fica de forma correta e segura.<\/div><!-- \/MODULE HEADING -->[\/vc_column][\/vc_row][vc_row css=&#8221;.vc_custom_1478702577522{margin-right: 510px !important;margin-left: 510px !important;}&#8221;][vc_column]\n\t\t\t<!-- TABS -->\n\t\t\t<div role=\"tabpanel\"><ul class=\"nav nav-tabs font-alt\" role=\"tablist\"><li class=\"active\"><a href=\"#item1\" data-toggle=\"tab\">Descri\u00e7\u00e3o<\/a><\/li><li class=\"\"><a href=\"#item2\" data-toggle=\"tab\">Dura\u00e7\u00e3o<\/a><\/li><li class=\"\"><a href=\"#item3\" data-toggle=\"tab\">Inclusos<\/a><\/li><li class=\"\"><a href=\"#item4\" data-toggle=\"tab\">P\u00fablico alvo<\/a><\/li><li class=\"\"><a href=\"#item5\" data-toggle=\"tab\">Aplicativos<\/a><\/li><li class=\"\"><a href=\"#item6\" data-toggle=\"tab\">Metodologia<\/a><\/li><li class=\"\"><a href=\"#item7\" data-toggle=\"tab\">Necess\u00e1rio<\/a><\/li><\/ul><div class=\"tab-content\">\n\t\t\t\t\t\t\t<div class=\"tab-pane active\" id=\"item1\">\n\t\t\t\t\t\t\t\tConte\u00fado b\u00e1sico:<br>\n<br>\nPreparando o arquivo edit\u00e1vel;<br>\nVerificando links, fontes e outros;<br>\nPadronizando cores;<br>\nConfigura\u00e7\u00e3o correta do PDF;<br>\nValida\u00e7\u00e3o final do arquivo;<br>\nDicas, truques e outros formatos de fechamento.\n\t\t\t\t\t\t\t<\/div>\n\t\t\t\t\t\t\t<div class=\"tab-pane \" id=\"item2\">\n\t\t\t\t\t\t\t\t3 horas.\n\t\t\t\t\t\t\t<\/div>\n\t\t\t\t\t\t\t<div class=\"tab-pane \" id=\"item3\">\n\t\t\t\t\t\t\t\tCertificado e suporte via e-mail por 7 dias.\n\t\t\t\t\t\t\t<\/div>\n\t\t\t\t\t\t\t<div class=\"tab-pane \" id=\"item4\">\n\t\t\t\t\t\t\t\tEstudantes (v\u00e1lido para horas complementares), designer gr\u00e1ficos, arte-finalistas e p\u00fablico interessado que precisa fechar e encaminhar servi\u00e7os para gr\u00e1ficas.\n\t\t\t\t\t\t\t<\/div>\n\t\t\t\t\t\t\t<div class=\"tab-pane \" id=\"item5\">\n\t\t\t\t\t\t\t\tAdobe Indesign, Illustrator, Photoshop e CorelDraw.\n\t\t\t\t\t\t\t<\/div>\n\t\t\t\t\t\t\t<div class=\"tab-pane \" id=\"item6\">\n\t\t\t\t\t\t\t\tAula presencial, conte\u00fado te\u00f3rico e pr\u00e1tico com exemplos reais e avalia\u00e7\u00e3o a cada encontro.\n\t\t\t\t\t\t\t<\/div>\n\t\t\t\t\t\t\t<div class=\"tab-pane \" id=\"item7\">\n\t\t\t\t\t\t\t\tSaber utilizar o computador;<br>\nDesej\u00e1vel conhecimento b\u00e1sico dos aplicativos, mas n\u00e3o obrigat\u00f3rio; <br>\nCaso queira podem trazer o notebook para  sala de aula.<br>\n\t\t\t\t\t\t\t<\/div><\/div>\n\t\t\t<\/div>\n\t\t\t<!-- \/TABS -->[\/vc_column][\/vc_row]<\/p>\n<\/section>","protected":false},"excerpt":{"rendered":"<p>[vc_row [&hellip;]<\/p>\n","protected":false},"author":3,"featured_media":0,"parent":2015,"menu_order":0,"comment_status":"open","ping_status":"closed","template":"page-vc.php","meta":{"footnotes":""},"class_list":["post-2058","page","type-page","status-publish","hentry"],"_links":{"self":[{"href":"https:\/\/criatusdesign.com.br\/index.php?rest_route=\/wp\/v2\/pages\/2058","targetHints":{"allow":["GET"]}}],"collection":[{"href":"https:\/\/criatusdesign.com.br\/index.php?rest_route=\/wp\/v2\/pages"}],"about":[{"href":"https:\/\/criatusdesign.com.br\/index.php?rest_route=\/wp\/v2\/types\/page"}],"author":[{"embeddable":true,"href":"https:\/\/criatusdesign.com.br\/index.php?rest_route=\/wp\/v2\/users\/3"}],"replies":[{"embeddable":true,"href":"https:\/\/criatusdesign.com.br\/index.php?rest_route=%2Fwp%2Fv2%2Fcomments&post=2058"}],"version-history":[{"count":0,"href":"https:\/\/criatusdesign.com.br\/index.php?rest_route=\/wp\/v2\/pages\/2058\/revisions"}],"up":[{"embeddable":true,"href":"https:\/\/criatusdesign.com.br\/index.php?rest_route=\/wp\/v2\/pages\/2015"}],"wp:attachment":[{"href":"https:\/\/criatusdesign.com.br\/index.php?rest_route=%2Fwp%2Fv2%2Fmedia&parent=2058"}],"curies":[{"name":"wp","href":"https:\/\/api.w.org\/{rel}","templated":true}]}}