{"id":2025,"date":"2016-11-09T13:42:55","date_gmt":"2016-11-09T15:42:55","guid":{"rendered":"http:\/\/criatusdesign.com.br\/?page_id=2025"},"modified":"2024-09-19T07:40:35","modified_gmt":"2024-09-19T10:40:35","slug":"contato","status":"publish","type":"page","link":"https:\/\/criatusdesign.com.br\/?page_id=2025","title":{"rendered":"Contato"},"content":{"rendered":"<section class=\"wpb-content-wrapper\"><\/p>\r\n<div class=\"wp-block-group\">\r\n<div class=\"wp-block-group__inner-container\">\r\n<p>[\/vc_column_text][\/vc_column][\/vc_row][vc_row bg_source=&#8221;parallax&#8221; parallax_image=&#8221;1924&#8243; text_color=&#8221;bg-dark&#8221; overlay=&#8221;bg-dark-30&#8243; css=&#8221;.vc_custom_1478705106703{padding-top: 200px !important;padding-bottom: 200px !important;}&#8221;][vc_column]\n\t\t\t<!-- HERO TEXT -->\n\t\t\t<div class=\"hero-caption\">\n\t\t\t\t<div class=\"hero-text\"><h3 class=\"mh-line-size-3 font-alt m-b-20\">Contato<\/h3>\t\n\t\t\t\t<\/div>\n\t\t\t<\/div>\n\t\t\t<!-- \/HERO TEXT -->[\/vc_column][\/vc_row][vc_row container=&#8221;1&#8243; css=&#8221;.vc_custom_1726741881356{padding-top: 70px !important;padding-bottom: 140px !important;padding-left: 775px !important;}&#8221;][vc_column width=&#8221;1\/2&#8243;][vc_icon icon_fontawesome=&#8221;fab fa-whatsapp&#8221;][vc_btn title=&#8221;Whatsapp&#8221; color=&#8221;green&#8221; size=&#8221;lg&#8221; align=&#8221;left&#8221; link=&#8221;url:https%3A%2F%2Fapi.whatsapp.com%2Fsend%3Fl%3Dpt%26phone%3D5561981784001|title:Envie%20sua%20mensagem%20agora|target:_blank&#8221; el_id=&#8221;btnWhats&#8221;][\/vc_column][vc_column width=&#8221;1\/2&#8243;]\n\t\t\t<!-- ALT CONTENT BOX -->\n\t\t\t<div class=\"alt-content-box m-t-50 text-left\">\n\t\t\t\t<div class=\"alt-content-box-icon\">\n\t\t\t\t\t<span class=\"icon-chat\"><\/span>\n\t\t\t\t<\/div>\n\t\t\t\t<h6 class=\"alt-content-box-title font-alt\"><strong>Criatus Design<\/strong><\/h6>\n\t\t\t\t<div class=\"content-box-text\">\n\t\t\t\t\tWhatsApp: 61 98178-4001<\/p>\r\n<p>E-mail: haroldo@CriatusDesign.com.br\n\t\t\t\t<\/div>\n\t\t\t<\/div>\n\t\t\t<!-- \/ALT CONTENT BOX -->\n\t\t\t<!-- ALT CONTENT BOX -->\n\t\t\t<div class=\"alt-content-box m-t-50 text-left\">\n\t\t\t\t<div class=\"alt-content-box-icon\">\n\t\t\t\t\t<span class=\"icon-map\"><\/span>\n\t\t\t\t<\/div>\n\t\t\t\t<h6 class=\"alt-content-box-title font-alt\"><strong>Endere\u00e7o<\/strong><\/h6>\n\t\t\t\t<div class=\"content-box-text\">\n\t\t\t\t\t<b>Estamos atendendo on-line.<\/b><br \/>Se puder fique em casa. Se cuide.<br \/>Ser\u00e1 um prazer te atender via WhatsApp, Liga\u00e7\u00e3o,<br \/>V\u00eddeo Chamada e at\u00e9 trabalhar ``lado-a-lado`` ao vivo,<br \/>on-line de onde voc\u00ea estiver!<br \/>411 Sul, Bras\u00edlia \u2013 Distrito Federal\n\t\t\t\t<\/div>\n\t\t\t<\/div>\n\t\t\t<!-- \/ALT CONTENT BOX -->[\/vc_column][\/vc_row][vc_row][vc_column][\/vc_column][\/vc_row][vc_row][vc_column][vc_column_text]<\/p>\r\n<\/div>\r\n<\/div>\r\n<p>[\/vc_column_text][\/vc_column][\/vc_row][vc_row][vc_column][\/vc_column][\/vc_row]<\/p><!-- \/wp:group --><!-- wp:post-content --><p>[vc_row][vc_column][vc_column_text]<!-- wp:group --><\/p>\r\n<div class=\"wp-block-group\">\r\n<div class=\"wp-block-group__inner-container\">\r\n<p><!-- wp:freeform -->[\/vc_column_text][\/vc_column][\/vc_row][vc_row bg_source=&#8221;parallax&#8221; parallax_image=&#8221;1924&#8243; text_color=&#8221;bg-dark&#8221; overlay=&#8221;bg-dark-30&#8243; css=&#8221;.vc_custom_1478705106703{padding-top: 200px !important;padding-bottom: 200px !important;}&#8221;][vc_column]\n\t\t\t<!-- HERO TEXT -->\n\t\t\t<div class=\"hero-caption\">\n\t\t\t\t<div class=\"hero-text\"><h3 class=\"mh-line-size-3 font-alt m-b-20\">Contato<\/h3>\t\n\t\t\t\t<\/div>\n\t\t\t<\/div>\n\t\t\t<!-- \/HERO TEXT -->[\/vc_column][\/vc_row][vc_row container=&#8221;1&#8243; css=&#8221;.vc_custom_1726741881356{padding-top: 70px !important;padding-bottom: 140px !important;padding-left: 775px !important;}&#8221;][vc_column width=&#8221;1\/2&#8243;][vc_icon icon_fontawesome=&#8221;fab fa-whatsapp&#8221;][vc_btn title=&#8221;Whatsapp&#8221; color=&#8221;green&#8221; size=&#8221;lg&#8221; align=&#8221;left&#8221; link=&#8221;url:https%3A%2F%2Fapi.whatsapp.com%2Fsend%3Fl%3Dpt%26phone%3D5561981784001|title:Envie%20sua%20mensagem%20agora|target:_blank&#8221; el_id=&#8221;btnWhats&#8221;][\/vc_column][vc_column width=&#8221;1\/2&#8243;]\n\t\t\t<!-- ALT CONTENT BOX -->\n\t\t\t<div class=\"alt-content-box m-t-50 text-left\">\n\t\t\t\t<div class=\"alt-content-box-icon\">\n\t\t\t\t\t<span class=\"icon-chat\"><\/span>\n\t\t\t\t<\/div>\n\t\t\t\t<h6 class=\"alt-content-box-title font-alt\"><strong>Criatus Design<\/strong><\/h6>\n\t\t\t\t<div class=\"content-box-text\">\n\t\t\t\t\tWhatsApp: 61 98178-4001<\/p>\r\n<p>E-mail: haroldo@CriatusDesign.com.br\n\t\t\t\t<\/div>\n\t\t\t<\/div>\n\t\t\t<!-- \/ALT CONTENT BOX -->\n\t\t\t<!-- ALT CONTENT BOX -->\n\t\t\t<div class=\"alt-content-box m-t-50 text-left\">\n\t\t\t\t<div class=\"alt-content-box-icon\">\n\t\t\t\t\t<span class=\"icon-map\"><\/span>\n\t\t\t\t<\/div>\n\t\t\t\t<h6 class=\"alt-content-box-title font-alt\"><strong>Endere\u00e7o<\/strong><\/h6>\n\t\t\t\t<div class=\"content-box-text\">\n\t\t\t\t\t<b>Estamos atendendo on-line.<\/b><br \/>Se puder fique em casa. Se cuide.<br \/>Ser\u00e1 um prazer te atender via WhatsApp, Liga\u00e7\u00e3o,<br \/>V\u00eddeo Chamada e at\u00e9 trabalhar ``lado-a-lado`` ao vivo,<br \/>on-line de onde voc\u00ea estiver!<br \/>411 Sul, Bras\u00edlia \u2013 Distrito Federal\n\t\t\t\t<\/div>\n\t\t\t<\/div>\n\t\t\t<!-- \/ALT CONTENT BOX -->[\/vc_column][\/vc_row][vc_row][vc_column][\/vc_column][\/vc_row][vc_row][vc_column][vc_column_text]<\/p>\r\n<\/div>\r\n<\/div>\r\n<p>[\/vc_column_text][\/vc_column][\/vc_row][vc_row][vc_column][\/vc_column][\/vc_row]<\/p><!-- \/wp:post-content --><\/section>","protected":false},"excerpt":{"rendered":"<p>[\/vc_column_text][\/vc_column][\/vc_row][vc_row [&hellip;]<\/p>\n","protected":false},"author":3,"featured_media":0,"parent":0,"menu_order":0,"comment_status":"open","ping_status":"closed","template":"page-vc.php","meta":{"footnotes":""},"class_list":["post-2025","page","type-page","status-publish","hentry"],"_links":{"self":[{"href":"https:\/\/criatusdesign.com.br\/index.php?rest_route=\/wp\/v2\/pages\/2025","targetHints":{"allow":["GET"]}}],"collection":[{"href":"https:\/\/criatusdesign.com.br\/index.php?rest_route=\/wp\/v2\/pages"}],"about":[{"href":"https:\/\/criatusdesign.com.br\/index.php?rest_route=\/wp\/v2\/types\/page"}],"author":[{"embeddable":true,"href":"https:\/\/criatusdesign.com.br\/index.php?rest_route=\/wp\/v2\/users\/3"}],"replies":[{"embeddable":true,"href":"https:\/\/criatusdesign.com.br\/index.php?rest_route=%2Fwp%2Fv2%2Fcomments&post=2025"}],"version-history":[{"count":15,"href":"https:\/\/criatusdesign.com.br\/index.php?rest_route=\/wp\/v2\/pages\/2025\/revisions"}],"predecessor-version":[{"id":2580,"href":"https:\/\/criatusdesign.com.br\/index.php?rest_route=\/wp\/v2\/pages\/2025\/revisions\/2580"}],"wp:attachment":[{"href":"https:\/\/criatusdesign.com.br\/index.php?rest_route=%2Fwp%2Fv2%2Fmedia&parent=2025"}],"curies":[{"name":"wp","href":"https:\/\/api.w.org\/{rel}","templated":true}]}}